{"id":15,"date":"2021-12-15T10:49:15","date_gmt":"2021-12-15T10:49:15","guid":{"rendered":"http:\/\/dookolaswiatanaokolo.pl\/?page_id=15"},"modified":"2023-05-03T09:18:29","modified_gmt":"2023-05-03T09:18:29","slug":"strona-glowna","status":"publish","type":"page","link":"http:\/\/dookolaswiatanaokolo.pl\/","title":{"rendered":""},"content":{"rendered":"\n<h2 class=\"has-larger-font-size wp-block-heading\"><\/h2>\n\n\n\n<h2 class=\"wp-block-heading\">Cze\u015b\u0107! Bardzo mi mi\u0142o Ci\u0119 powita\u0107 w moim ma\u0142ym, internetowym zak\u0105tku.<\/h2>\n\n\n\n<div class=\"wp-block-columns are-vertically-aligned-center is-layout-flex wp-container-core-columns-is-layout-28f84493 wp-block-columns-is-layout-flex\">\n<div class=\"wp-block-column is-vertically-aligned-center is-layout-flow wp-block-column-is-layout-flow\" style=\"flex-basis:100%\">\n<div class=\"wp-block-columns is-layout-flex wp-container-core-columns-is-layout-28f84493 wp-block-columns-is-layout-flex\">\n<div class=\"wp-block-column is-layout-flow wp-block-column-is-layout-flow\">\n<figure class=\"wp-block-gallery has-nested-images columns-default is-cropped wp-block-gallery-1 is-layout-flex wp-block-gallery-is-layout-flex\">\n<figure class=\"wp-block-image size-large\"><img loading=\"lazy\" decoding=\"async\" width=\"1899\" height=\"1325\" data-id=\"215\" src=\"http:\/\/dookolaswiatanaokolo.pl\/wp-content\/uploads\/2022\/05\/cropped-cropped-obraz_2022-05-30_183434280.png\" alt=\"\" class=\"wp-image-215\" srcset=\"http:\/\/dookolaswiatanaokolo.pl\/wp-content\/uploads\/2022\/05\/cropped-cropped-obraz_2022-05-30_183434280.png 1899w, http:\/\/dookolaswiatanaokolo.pl\/wp-content\/uploads\/2022\/05\/cropped-cropped-obraz_2022-05-30_183434280-300x209.png 300w, http:\/\/dookolaswiatanaokolo.pl\/wp-content\/uploads\/2022\/05\/cropped-cropped-obraz_2022-05-30_183434280-1024x714.png 1024w, http:\/\/dookolaswiatanaokolo.pl\/wp-content\/uploads\/2022\/05\/cropped-cropped-obraz_2022-05-30_183434280-768x536.png 768w, http:\/\/dookolaswiatanaokolo.pl\/wp-content\/uploads\/2022\/05\/cropped-cropped-obraz_2022-05-30_183434280-1536x1072.png 1536w, http:\/\/dookolaswiatanaokolo.pl\/wp-content\/uploads\/2022\/05\/cropped-cropped-obraz_2022-05-30_183434280-421x294.png 421w\" sizes=\"auto, (max-width: 1899px) 100vw, 1899px\" \/><\/figure>\n\n\n\n<figure class=\"wp-block-image size-large\"><img loading=\"lazy\" decoding=\"async\" width=\"2560\" height=\"1248\" data-id=\"125\" src=\"http:\/\/dookolaswiatanaokolo.pl\/wp-content\/uploads\/2022\/09\/cropped-IMG_4532-scaled-e1663181375263.jpg\" alt=\"\" class=\"wp-image-125\" srcset=\"http:\/\/dookolaswiatanaokolo.pl\/wp-content\/uploads\/2022\/09\/cropped-IMG_4532-scaled-e1663181375263.jpg 2560w, http:\/\/dookolaswiatanaokolo.pl\/wp-content\/uploads\/2022\/09\/cropped-IMG_4532-scaled-e1663181375263-300x146.jpg 300w, http:\/\/dookolaswiatanaokolo.pl\/wp-content\/uploads\/2022\/09\/cropped-IMG_4532-scaled-e1663181375263-1024x499.jpg 1024w, http:\/\/dookolaswiatanaokolo.pl\/wp-content\/uploads\/2022\/09\/cropped-IMG_4532-scaled-e1663181375263-768x374.jpg 768w, http:\/\/dookolaswiatanaokolo.pl\/wp-content\/uploads\/2022\/09\/cropped-IMG_4532-scaled-e1663181375263-1536x749.jpg 1536w, http:\/\/dookolaswiatanaokolo.pl\/wp-content\/uploads\/2022\/09\/cropped-IMG_4532-scaled-e1663181375263-2048x998.jpg 2048w, http:\/\/dookolaswiatanaokolo.pl\/wp-content\/uploads\/2022\/09\/cropped-IMG_4532-scaled-e1663181375263-850x414.jpg 850w\" sizes=\"auto, (max-width: 2560px) 100vw, 2560px\" \/><\/figure>\n\n\n\n<figure class=\"wp-block-image size-large\"><img loading=\"lazy\" decoding=\"async\" width=\"1124\" height=\"1500\" data-id=\"95\" src=\"http:\/\/dookolaswiatanaokolo.pl\/wp-content\/uploads\/2022\/08\/296843645_1426958404488001_8777616882339529493_n.jpg\" alt=\"\" class=\"wp-image-95\" srcset=\"http:\/\/dookolaswiatanaokolo.pl\/wp-content\/uploads\/2022\/08\/296843645_1426958404488001_8777616882339529493_n.jpg 1124w, http:\/\/dookolaswiatanaokolo.pl\/wp-content\/uploads\/2022\/08\/296843645_1426958404488001_8777616882339529493_n-225x300.jpg 225w, http:\/\/dookolaswiatanaokolo.pl\/wp-content\/uploads\/2022\/08\/296843645_1426958404488001_8777616882339529493_n-767x1024.jpg 767w, http:\/\/dookolaswiatanaokolo.pl\/wp-content\/uploads\/2022\/08\/296843645_1426958404488001_8777616882339529493_n-768x1025.jpg 768w\" sizes=\"auto, (max-width: 1124px) 100vw, 1124px\" \/><\/figure>\n<\/figure>\n<\/div>\n<\/div>\n<\/div>\n<\/div>\n\n\n\n<p class=\"has-text-align-left\">Na swojej \u017cyciowej \u015bcie\u017cce codziennie rysuj\u0119 moje w\u0142asne plany. Symultanicznie, \u017cycie plecie nam swoje  scenariusze, w kt\u00f3rych nierzadko lubi wpada\u0107 w ostre, niezapowiedziane zakr\u0119ty.  Wtedy, na mojej li\u015bcie przyg\u00f3d musz\u0119 co\u015b wyci\u0105\u0107, zaklei\u0107 lub zamieni\u0107 miejscami. <\/p>\n\n\n\n<p class=\"has-text-align-left\">St\u0105d w\u0142a\u015bnie nazwa mojego bloga. Id\u0119 przez \u017cycie po swojemu, raz wed\u0142ug planu, a raz zupe\u0142nie na wspak, raz twardo st\u0105pam po ziemi, a innym razem biegn\u0119 do g\u00f3ry nogami. Chc\u0119 objecha\u0107 ca\u0142y \u015bwiat, lecz nie wymy\u015bli\u0142am sobie planu na konkretn\u0105 ekspedycj\u0119. Nie wiem, czy  przejad\u0119 go na stopa, czy z plecakiem, a mo\u017ce przep\u0142yn\u0119 jachtem. Wiem za to, \u017ce moja podr\u00f3\u017c, zar\u00f3wno ta mentalna jak i fizyczna, b\u0119dzie <span style=\"text-decoration: underline;\">dooko\u0142a \u015bwiata<\/span>, tylko \u017ce inaczej ni\u017c wszystkich bo&#8230;  <span style=\"text-decoration: underline;\">naoko\u0142o<\/span> \ud83d\ude09<\/p>\n\n\n\n<p><\/p>\n\n\n\n<hr class=\"wp-block-separator has-alpha-channel-opacity\"\/>\n\n\n\n<div class=\"wp-block-query is-layout-flow wp-block-query-is-layout-flow\"><ul class=\"is-flex-container columns-3 wp-block-post-template is-layout-flow wp-block-post-template-is-layout-flow\"><li class=\"wp-block-post post-187 post type-post status-publish format-standard has-post-thumbnail hentry category-podroze-male-i-duze\">\n<h2 class=\"wp-block-post-title\"><a href=\"http:\/\/dookolaswiatanaokolo.pl\/?p=187\" target=\"_self\" >Muzeum Historyczno-Techniczne\u00a0Peenem\u00fcnde<\/a><\/h2>\n\n<figure class=\"alignwide wp-block-post-featured-image\"><a href=\"http:\/\/dookolaswiatanaokolo.pl\/?p=187\" target=\"_self\"  ><img loading=\"lazy\" decoding=\"async\" width=\"2560\" height=\"1450\" src=\"http:\/\/dookolaswiatanaokolo.pl\/wp-content\/uploads\/2023\/05\/IMG_0928-scaled.jpg\" class=\"attachment-post-thumbnail size-post-thumbnail wp-post-image\" alt=\"Muzeum Historyczno-Techniczne\u00a0Peenem\u00fcnde\" style=\"object-fit:cover;\" srcset=\"http:\/\/dookolaswiatanaokolo.pl\/wp-content\/uploads\/2023\/05\/IMG_0928-scaled.jpg 2560w, http:\/\/dookolaswiatanaokolo.pl\/wp-content\/uploads\/2023\/05\/IMG_0928-300x170.jpg 300w, http:\/\/dookolaswiatanaokolo.pl\/wp-content\/uploads\/2023\/05\/IMG_0928-1024x580.jpg 1024w, http:\/\/dookolaswiatanaokolo.pl\/wp-content\/uploads\/2023\/05\/IMG_0928-768x435.jpg 768w, http:\/\/dookolaswiatanaokolo.pl\/wp-content\/uploads\/2023\/05\/IMG_0928-1536x870.jpg 1536w, http:\/\/dookolaswiatanaokolo.pl\/wp-content\/uploads\/2023\/05\/IMG_0928-2048x1160.jpg 2048w, http:\/\/dookolaswiatanaokolo.pl\/wp-content\/uploads\/2023\/05\/IMG_0928-1140x646.jpg 1140w\" sizes=\"auto, (max-width: 2560px) 100vw, 2560px\" \/><\/a><\/figure>\n\n<div class=\"wp-block-post-excerpt\"><p class=\"wp-block-post-excerpt__excerpt\">Po\u0142o\u017cenie: niemieckie, wschodnie wybrze\u017ce Morza Ba\u0142tyckiego, Wyspa UznamLata funkcjonowania: 1936 -1945Przeznaczenie: Wojskowy O\u015brodek Badawczy Peenem\u00fcndeW\u00f3wczas zatrudnionych: ok. 15 000 tys. os\u00f3bTemat bada\u0144: cywilne i wojskowe rakiety no\u015bne W 1991 roku w budynku dawnego o\u015brodka do\u015bwiadczalnego powsta\u0142o Historyczno-Techniczne Muzeum Peenem\u00fcnde. Wystawa g\u0142\u00f3wna muzeum dokumentuje przebieg zdarze\u0144, jaki nast\u0105pi\u0142 od marze\u0144 o podr\u00f3\u017cach kosmicznych do konsekwentnego rozwoju&#8230; <\/p><\/div>\n\n\n<hr class=\"wp-block-separator has-css-opacity\"\/>\n\n\n<div class=\"wp-block-post-date\"><time datetime=\"2023-05-03T08:31:06+00:00\">May 3, 2023<\/time><\/div>\n<\/li><li class=\"wp-block-post post-84 post type-post status-publish format-standard has-post-thumbnail hentry category-podroze-male-i-duze tag-ruchome-piaski tag-smoldzino tag-trekking tag-wydma\">\n<h2 class=\"wp-block-post-title\"><a href=\"http:\/\/dookolaswiatanaokolo.pl\/?p=84\" target=\"_self\" >Polskie Arrakis, czyli Wydma Czo\u0142pi\u0144ska<\/a><\/h2>\n\n<figure class=\"alignwide wp-block-post-featured-image\"><a href=\"http:\/\/dookolaswiatanaokolo.pl\/?p=84\" target=\"_self\"  ><img loading=\"lazy\" decoding=\"async\" width=\"1600\" height=\"1200\" src=\"http:\/\/dookolaswiatanaokolo.pl\/wp-content\/uploads\/2022\/06\/WhatsApp-Image-2022-06-14-at-18.28.55-1.jpeg\" class=\"attachment-post-thumbnail size-post-thumbnail wp-post-image\" alt=\"Polskie Arrakis, czyli Wydma Czo\u0142pi\u0144ska\" style=\"object-fit:cover;\" srcset=\"http:\/\/dookolaswiatanaokolo.pl\/wp-content\/uploads\/2022\/06\/WhatsApp-Image-2022-06-14-at-18.28.55-1.jpeg 1600w, http:\/\/dookolaswiatanaokolo.pl\/wp-content\/uploads\/2022\/06\/WhatsApp-Image-2022-06-14-at-18.28.55-1-300x225.jpeg 300w, http:\/\/dookolaswiatanaokolo.pl\/wp-content\/uploads\/2022\/06\/WhatsApp-Image-2022-06-14-at-18.28.55-1-1024x768.jpeg 1024w, http:\/\/dookolaswiatanaokolo.pl\/wp-content\/uploads\/2022\/06\/WhatsApp-Image-2022-06-14-at-18.28.55-1-768x576.jpeg 768w, http:\/\/dookolaswiatanaokolo.pl\/wp-content\/uploads\/2022\/06\/WhatsApp-Image-2022-06-14-at-18.28.55-1-1536x1152.jpeg 1536w\" sizes=\"auto, (max-width: 1600px) 100vw, 1600px\" \/><\/a><\/figure>\n\n<div class=\"wp-block-post-excerpt\"><p class=\"wp-block-post-excerpt__excerpt\">Je\u017celi zastanawiali\u015bcie si\u0119 kiedykolwiek, czy z Polski trzeba lecie\u0107 a\u017c do Afryki by zobaczy\u0107 tereny pustynne, to mam dzi\u015b dla Was odpowied\u017a &#8211; nie trzeba! W\u0142asn\u0105 namiastk\u0119 mamy tu\u017c pod nosem, wystarczy si\u0119 wybra\u0107 na p\u00f3\u0142noc kraju, by tam odwiedzi\u0107 S\u0142owi\u0144ski Park Narodowy. Nasza wycieczka wydarzy\u0142a si\u0119 bardzo spontanicznie. Zaraz po przyje\u017adzie na tereny gminy&#8230; <\/p><\/div>\n\n\n<hr class=\"wp-block-separator has-css-opacity\"\/>\n\n\n<div class=\"wp-block-post-date\"><time datetime=\"2022-08-29T20:47:05+00:00\">August 29, 2022<\/time><\/div>\n<\/li><\/ul><\/div>\n","protected":false},"excerpt":{"rendered":"<p>Cze\u015b\u0107! Bardzo mi mi\u0142o Ci\u0119 powita\u0107 w moim ma\u0142ym, internetowym zak\u0105tku. Na swojej \u017cyciowej \u015bcie\u017cce codziennie rysuj\u0119 moje w\u0142asne plany. Symultanicznie, \u017cycie plecie nam swoje scenariusze, w kt\u00f3rych nierzadko lubi wpada\u0107 w ostre, niezapowiedziane zakr\u0119ty. Wtedy, na mojej li\u015bcie przyg\u00f3d musz\u0119 co\u015b wyci\u0105\u0107, zaklei\u0107 lub zamieni\u0107 miejscami. St\u0105d w\u0142a\u015bnie nazwa mojego bloga. Id\u0119 przez \u017cycie&#8230;<\/p>\n","protected":false},"author":1,"featured_media":0,"parent":0,"menu_order":0,"comment_status":"closed","ping_status":"closed","template":"","meta":{"footnotes":""},"class_list":["post-15","page","type-page","status-publish","hentry"],"_links":{"self":[{"href":"http:\/\/dookolaswiatanaokolo.pl\/index.php?rest_route=\/wp\/v2\/pages\/15","targetHints":{"allow":["GET"]}}],"collection":[{"href":"http:\/\/dookolaswiatanaokolo.pl\/index.php?rest_route=\/wp\/v2\/pages"}],"about":[{"href":"http:\/\/dookolaswiatanaokolo.pl\/index.php?rest_route=\/wp\/v2\/types\/page"}],"author":[{"embeddable":true,"href":"http:\/\/dookolaswiatanaokolo.pl\/index.php?rest_route=\/wp\/v2\/users\/1"}],"replies":[{"embeddable":true,"href":"http:\/\/dookolaswiatanaokolo.pl\/index.php?rest_route=%2Fwp%2Fv2%2Fcomments&post=15"}],"version-history":[{"count":17,"href":"http:\/\/dookolaswiatanaokolo.pl\/index.php?rest_route=\/wp\/v2\/pages\/15\/revisions"}],"predecessor-version":[{"id":241,"href":"http:\/\/dookolaswiatanaokolo.pl\/index.php?rest_route=\/wp\/v2\/pages\/15\/revisions\/241"}],"wp:attachment":[{"href":"http:\/\/dookolaswiatanaokolo.pl\/index.php?rest_route=%2Fwp%2Fv2%2Fmedia&parent=15"}],"curies":[{"name":"wp","href":"https:\/\/api.w.org\/{rel}","templated":true}]}}

<h2 class="has-larger-font-size wp-block-heading"></h2>



<h2 class="wp-block-heading">Cześć! Bardzo mi miło Cię powitać w moim małym, internetowym zakątku.</h2>



<div class="wp-block-columns are-vertically-aligned-center is-layout-flex wp-container-core-columns-is-layout-28f84493 wp-block-columns-is-layout-flex">
<div class="wp-block-column is-vertically-aligned-center is-layout-flow wp-block-column-is-layout-flow" style="flex-basis:100%">
<div class="wp-block-columns is-layout-flex wp-container-core-columns-is-layout-28f84493 wp-block-columns-is-layout-flex">
<div class="wp-block-column is-layout-flow wp-block-column-is-layout-flow">
<figure class="wp-block-gallery has-nested-images columns-default is-cropped wp-block-gallery-1 is-layout-flex wp-block-gallery-is-layout-flex">
<figure class="wp-block-image size-large"><img loading="lazy" decoding="async" width="1899" height="1325" data-id="215" src="http://dookolaswiatanaokolo.pl/wp-content/uploads/2022/05/cropped-cropped-obraz_2022-05-30_183434280.png" alt="" class="wp-image-215" srcset="http://dookolaswiatanaokolo.pl/wp-content/uploads/2022/05/cropped-cropped-obraz_2022-05-30_183434280.png 1899w, http://dookolaswiatanaokolo.pl/wp-content/uploads/2022/05/cropped-cropped-obraz_2022-05-30_183434280-300x209.png 300w, http://dookolaswiatanaokolo.pl/wp-content/uploads/2022/05/cropped-cropped-obraz_2022-05-30_183434280-1024x714.png 1024w, http://dookolaswiatanaokolo.pl/wp-content/uploads/2022/05/cropped-cropped-obraz_2022-05-30_183434280-768x536.png 768w, http://dookolaswiatanaokolo.pl/wp-content/uploads/2022/05/cropped-cropped-obraz_2022-05-30_183434280-1536x1072.png 1536w, http://dookolaswiatanaokolo.pl/wp-content/uploads/2022/05/cropped-cropped-obraz_2022-05-30_183434280-421x294.png 421w" sizes="auto, (max-width: 1899px) 100vw, 1899px" /></figure>



<figure class="wp-block-image size-large"><img loading="lazy" decoding="async" width="2560" height="1248" data-id="125" src="http://dookolaswiatanaokolo.pl/wp-content/uploads/2022/09/cropped-IMG_4532-scaled-e1663181375263.jpg" alt="" class="wp-image-125" srcset="http://dookolaswiatanaokolo.pl/wp-content/uploads/2022/09/cropped-IMG_4532-scaled-e1663181375263.jpg 2560w, http://dookolaswiatanaokolo.pl/wp-content/uploads/2022/09/cropped-IMG_4532-scaled-e1663181375263-300x146.jpg 300w, http://dookolaswiatanaokolo.pl/wp-content/uploads/2022/09/cropped-IMG_4532-scaled-e1663181375263-1024x499.jpg 1024w, http://dookolaswiatanaokolo.pl/wp-content/uploads/2022/09/cropped-IMG_4532-scaled-e1663181375263-768x374.jpg 768w, http://dookolaswiatanaokolo.pl/wp-content/uploads/2022/09/cropped-IMG_4532-scaled-e1663181375263-1536x749.jpg 1536w, http://dookolaswiatanaokolo.pl/wp-content/uploads/2022/09/cropped-IMG_4532-scaled-e1663181375263-2048x998.jpg 2048w, http://dookolaswiatanaokolo.pl/wp-content/uploads/2022/09/cropped-IMG_4532-scaled-e1663181375263-850x414.jpg 850w" sizes="auto, (max-width: 2560px) 100vw, 2560px" /></figure>



<figure class="wp-block-image size-large"><img loading="lazy" decoding="async" width="1124" height="1500" data-id="95" src="http://dookolaswiatanaokolo.pl/wp-content/uploads/2022/08/296843645_1426958404488001_8777616882339529493_n.jpg" alt="" class="wp-image-95" srcset="http://dookolaswiatanaokolo.pl/wp-content/uploads/2022/08/296843645_1426958404488001_8777616882339529493_n.jpg 1124w, http://dookolaswiatanaokolo.pl/wp-content/uploads/2022/08/296843645_1426958404488001_8777616882339529493_n-225x300.jpg 225w, http://dookolaswiatanaokolo.pl/wp-content/uploads/2022/08/296843645_1426958404488001_8777616882339529493_n-767x1024.jpg 767w, http://dookolaswiatanaokolo.pl/wp-content/uploads/2022/08/296843645_1426958404488001_8777616882339529493_n-768x1025.jpg 768w" sizes="auto, (max-width: 1124px) 100vw, 1124px" /></figure>
</figure>
</div>
</div>
</div>
</div>



<p class="has-text-align-left">Na swojej życiowej ścieżce codziennie rysuję moje własne plany. Symultanicznie, życie plecie nam swoje  scenariusze, w których nierzadko lubi wpadać w ostre, niezapowiedziane zakręty.  Wtedy, na mojej liście przygód muszę coś wyciąć, zakleić lub zamienić miejscami. </p>



<p class="has-text-align-left">Stąd właśnie nazwa mojego bloga. Idę przez życie po swojemu, raz według planu, a raz zupełnie na wspak, raz twardo stąpam po ziemi, a innym razem biegnę do góry nogami. Chcę objechać cały świat, lecz nie wymyśliłam sobie planu na konkretną ekspedycję. Nie wiem, czy  przejadę go na stopa, czy z plecakiem, a może przepłynę jachtem. Wiem za to, że moja podróż, zarówno ta mentalna jak i fizyczna, będzie <span style="text-decoration: underline;">dookoła świata</span>, tylko że inaczej niż wszystkich bo&#8230;  <span style="text-decoration: underline;">naokoło</span> 😉</p>



<p></p>



<hr class="wp-block-separator has-alpha-channel-opacity"/>



<div class="wp-block-query is-layout-flow wp-block-query-is-layout-flow"><ul class="is-flex-container columns-3 wp-block-post-template is-layout-flow wp-block-post-template-is-layout-flow"><li class="wp-block-post post-187 post type-post status-publish format-standard has-post-thumbnail hentry category-podroze-male-i-duze">
<h2 class="wp-block-post-title"><a href="http://dookolaswiatanaokolo.pl/?p=187" target="_self" >Muzeum Historyczno-Techniczne Peenemünde</a></h2>

<figure class="alignwide wp-block-post-featured-image"><a href="http://dookolaswiatanaokolo.pl/?p=187" target="_self"  ><img loading="lazy" decoding="async" width="2560" height="1450" src="http://dookolaswiatanaokolo.pl/wp-content/uploads/2023/05/IMG_0928-scaled.jpg" class="attachment-post-thumbnail size-post-thumbnail wp-post-image" alt="Muzeum Historyczno-Techniczne Peenemünde" style="object-fit:cover;" srcset="http://dookolaswiatanaokolo.pl/wp-content/uploads/2023/05/IMG_0928-scaled.jpg 2560w, http://dookolaswiatanaokolo.pl/wp-content/uploads/2023/05/IMG_0928-300x170.jpg 300w, http://dookolaswiatanaokolo.pl/wp-content/uploads/2023/05/IMG_0928-1024x580.jpg 1024w, http://dookolaswiatanaokolo.pl/wp-content/uploads/2023/05/IMG_0928-768x435.jpg 768w, http://dookolaswiatanaokolo.pl/wp-content/uploads/2023/05/IMG_0928-1536x870.jpg 1536w, http://dookolaswiatanaokolo.pl/wp-content/uploads/2023/05/IMG_0928-2048x1160.jpg 2048w, http://dookolaswiatanaokolo.pl/wp-content/uploads/2023/05/IMG_0928-1140x646.jpg 1140w" sizes="auto, (max-width: 2560px) 100vw, 2560px" /></a></figure>

<div class="wp-block-post-excerpt"><p class="wp-block-post-excerpt__excerpt">Położenie: niemieckie, wschodnie wybrzeże Morza Bałtyckiego, Wyspa UznamLata funkcjonowania: 1936 -1945Przeznaczenie: Wojskowy Ośrodek Badawczy PeenemündeWówczas zatrudnionych: ok. 15 000 tys. osóbTemat badań: cywilne i wojskowe rakiety nośne W 1991 roku w budynku dawnego ośrodka doświadczalnego powstało Historyczno-Techniczne Muzeum Peenemünde. Wystawa główna muzeum dokumentuje przebieg zdarzeń, jaki nastąpił od marzeń o podróżach kosmicznych do konsekwentnego rozwoju&#8230; </p></div>


<hr class="wp-block-separator has-css-opacity"/>


<div class="wp-block-post-date"><time datetime="2023-05-03T08:31:06+00:00">May 3, 2023</time></div>
</li><li class="wp-block-post post-84 post type-post status-publish format-standard has-post-thumbnail hentry category-podroze-male-i-duze tag-ruchome-piaski tag-smoldzino tag-trekking tag-wydma">
<h2 class="wp-block-post-title"><a href="http://dookolaswiatanaokolo.pl/?p=84" target="_self" >Polskie Arrakis, czyli Wydma Czołpińska</a></h2>

<figure class="alignwide wp-block-post-featured-image"><a href="http://dookolaswiatanaokolo.pl/?p=84" target="_self"  ><img loading="lazy" decoding="async" width="1600" height="1200" src="http://dookolaswiatanaokolo.pl/wp-content/uploads/2022/06/WhatsApp-Image-2022-06-14-at-18.28.55-1.jpeg" class="attachment-post-thumbnail size-post-thumbnail wp-post-image" alt="Polskie Arrakis, czyli Wydma Czołpińska" style="object-fit:cover;" srcset="http://dookolaswiatanaokolo.pl/wp-content/uploads/2022/06/WhatsApp-Image-2022-06-14-at-18.28.55-1.jpeg 1600w, http://dookolaswiatanaokolo.pl/wp-content/uploads/2022/06/WhatsApp-Image-2022-06-14-at-18.28.55-1-300x225.jpeg 300w, http://dookolaswiatanaokolo.pl/wp-content/uploads/2022/06/WhatsApp-Image-2022-06-14-at-18.28.55-1-1024x768.jpeg 1024w, http://dookolaswiatanaokolo.pl/wp-content/uploads/2022/06/WhatsApp-Image-2022-06-14-at-18.28.55-1-768x576.jpeg 768w, http://dookolaswiatanaokolo.pl/wp-content/uploads/2022/06/WhatsApp-Image-2022-06-14-at-18.28.55-1-1536x1152.jpeg 1536w" sizes="auto, (max-width: 1600px) 100vw, 1600px" /></a></figure>

<div class="wp-block-post-excerpt"><p class="wp-block-post-excerpt__excerpt">Jeżeli zastanawialiście się kiedykolwiek, czy z Polski trzeba lecieć aż do Afryki by zobaczyć tereny pustynne, to mam dziś dla Was odpowiedź &#8211; nie trzeba! Własną namiastkę mamy tuż pod nosem, wystarczy się wybrać na północ kraju, by tam odwiedzić Słowiński Park Narodowy. Nasza wycieczka wydarzyła się bardzo spontanicznie. Zaraz po przyjeździe na tereny gminy&#8230; </p></div>


<hr class="wp-block-separator has-css-opacity"/>


<div class="wp-block-post-date"><time datetime="2022-08-29T20:47:05+00:00">August 29, 2022</time></div>
</li></ul></div>

<p>Cześć! Bardzo mi miło Cię powitać w moim małym, internetowym zakątku. Na swojej życiowej ścieżce codziennie rysuję moje własne plany. Symultanicznie, życie plecie nam swoje scenariusze, w których nierzadko lubi wpadać w ostre, niezapowiedziane zakręty. Wtedy, na mojej liście przygód muszę coś wyciąć, zakleić lub zamienić miejscami. Stąd właśnie nazwa mojego bloga. Idę przez życie&#8230;</p>
